{"id":3,"date":"2026-01-29T08:24:13","date_gmt":"2026-01-29T13:24:13","guid":{"rendered":"https:\/\/staging.blackbikemedia.com\/rfa771\/?page_id=3"},"modified":"2026-02-20T16:04:31","modified_gmt":"2026-02-20T21:04:31","slug":"privacy-policy","status":"publish","type":"page","link":"https:\/\/staging.blackbikemedia.com\/rfa771\/privacy-policy\/","title":{"rendered":"Privacy Policy"},"content":{"rendered":"\t\t<div data-elementor-type=\"wp-page\" data-elementor-id=\"3\" class=\"elementor elementor-3\" data-elementor-post-type=\"page\">\n\t\t\t\t<div class=\"elementor-element elementor-element-ba0608f e-flex e-con-boxed e-con e-parent\" data-id=\"ba0608f\" data-element_type=\"container\" data-e-type=\"container\" data-settings=\"{&quot;background_background&quot;:&quot;classic&quot;}\">\n\t\t\t\t\t<div class=\"e-con-inner\">\n\t\t\t\t<div class=\"elementor-element elementor-element-ab9fdb5 elementor-widget elementor-widget-heading\" data-id=\"ab9fdb5\" data-element_type=\"widget\" data-e-type=\"widget\" data-settings=\"{&quot;ekit_we_effect_on&quot;:&quot;none&quot;}\" data-widget_type=\"heading.default\">\n\t\t\t\t\t<h2 class=\"elementor-heading-title elementor-size-default\">Securing Your Data and ATLAS\u2122<\/h2>\t\t\t\t<\/div>\n\t\t\t\t\t<\/div>\n\t\t\t\t<\/div>\n\t\t<div class=\"elementor-element elementor-element-0b5b532 e-flex e-con-boxed e-con e-parent\" data-id=\"0b5b532\" data-element_type=\"container\" data-e-type=\"container\">\n\t\t\t\t\t<div class=\"e-con-inner\">\n\t\t\t\t<div class=\"elementor-element elementor-element-a210d07 elementor-widget elementor-widget-heading\" data-id=\"a210d07\" data-element_type=\"widget\" data-e-type=\"widget\" data-settings=\"{&quot;ekit_we_effect_on&quot;:&quot;none&quot;}\" data-widget_type=\"heading.default\">\n\t\t\t\t\t<h2 class=\"elementor-heading-title elementor-size-default\">English<\/h2>\t\t\t\t<\/div>\n\t\t\t\t<div class=\"elementor-element elementor-element-9475b60 elementor-widget elementor-widget-text-editor\" data-id=\"9475b60\" data-element_type=\"widget\" data-e-type=\"widget\" data-settings=\"{&quot;ekit_we_effect_on&quot;:&quot;none&quot;}\" data-widget_type=\"text-editor.default\">\n\t\t\t\t\t\t\t\t\t<h4 class=\"section-main-heading\">Information You Provide<\/h4>\n<p>We do not collect or have access to any of your usernames or passwords. We do not collect any personal information or financial information, including your credit or debit card or any other billing information, other account and authentication information, or home address.<\/p>\n<h4 class=\"section-main-heading\">Device Information<\/h4>\n<p>We collect information from or about the Desktop, Laptop, Phones, Tablet from which you install or access our app, depending on the permissions you\u2019ve granted.<\/p>\n<p>Our app contains links to other websites. We are not responsible for the privacy policies or practices of third party websites and encourage you to carefully read the privacy statement of any website you visit. We do not know or track your location through GPS, Bluetooth or WiFi signals.<\/p>\n<h4 class=\"section-main-heading\">How We use this Information<\/h4>\n<p>Any information collected on the elements of our app used is to improve the app and the user experience. We continue to strive to provide the best user experience and make our app as focused and relevant as possible. From time to time we will ask for your opinion and provide a brief online survey.<\/p>\n<p>We will not collect any personal or financial information in this process.<\/p>\n<p>Any personal information collected, i.e. your email address or phone number, WILL NOT be knowingly distributed, sold, given, traded or shared with any other third party. While we have taken above-industry standards to protect our data, we will not be responsible for any loses if we are \u201chacked\u201d. We will notify users of our systems within 24 hrs if such a \u201chack\u201d has occurred.<\/p>\n<h4 class=\"section-main-heading\">Changing or Deleting Your Information<\/h4>\n<p>If you are a registered user on our Applications, you may review, modify, update, correct or remove the personal information you provided upon your registration with the app. If you do not wish to continue using the app, or if your personal information changes, you may modify or remove it.<\/p>\n<p>We will retain your information during the whole period of the activity of your account. Should you wish to delete your account or request us to no longer collect and store your data, please e-mail us at\u00a0<a class=\"cta-link\" href=\"mailto:scott.ashley@getreadyglobal.com\">scott.ashley@getreadyglobal.com<\/a>. We will put our best endeavours to delete your information as quickly as possible, complying with the instructions you give us pursuant to such request. Nevertheless, we may retain and use your information in order to ensure compliance with law, resolve disputes and enforce our agreements.<\/p>\n<h4 class=\"section-main-heading\">Communicating with You<\/h4>\n<p>We will send you version updates from time to time. We will use your information to respond to you when you contact us.<\/p>\n<h4 class=\"section-main-heading\">Promote Safety and Security<\/h4>\n<p>We take privacy of our customers with utmost importance and we respect the concerns regarding the same. We want to assure you that your information and data is safe with us. We employ highest standard of physical and electronic measures to protect the safety, security and secrecy of your personal information. We DO NOT sell, trade or exchange your digital information to anyone, whatsoever. We ensure complete secrecy and privacy of your data entrusted to us.<\/p>\n<p>By accessing or using the app you acknowledge that you have read, understand and agree to the provisions established in this Privacy Policy and the Terms and Conditions of the app. If you do not understand this Privacy Policy and the Terms and Conditions of the app, please refrain from using it.<\/p>\n<h4 class=\"section-main-heading\">How this Information is Shared<\/h4>\n<p>We may share your information when we reasonably believe that such sharing is permitted by you and we will always adhere to the license you grant to us. We may share information when you (a) choose to share information with marketers; (b) choose to share your information with marketers or electronic commerce providers, or any other parties offering services online; (c) give search engines access to publicly available information \u2013 you are able to disable this option in your account settings; (d) help improve the app; (e) to advertise our app.<\/p>\n<h4 class=\"section-main-heading\">Security of Your Personal Information<\/h4>\n<p>We will take reasonable technical and organizational precautions to prevent the loss, misuse or alteration of your personal information. We will store all the personal information you provide on our secure (password-and firewall-protected) servers.<\/p>\n<p>We follow generally accepted standards and practices to protect the information you submit to us, both upon transmission, upon receipt and afterwards. Nevertheless, you acknowledge that the transmission of information over the internet is inherently insecure, and we cannot guarantee absolute security of data sent over the internet.<\/p>\n<p>When you enter sensitive information (such as credit card details), we encrypt the transmission of that information using\u00a0<a class=\"cta-link\" href=\"https:\/\/en.wikipedia.org\/wiki\/Transport_Layer_Security\" target=\"_blank\" rel=\"noopener\">socket layer technology<\/a>\u00a0(SSL).<\/p>\n<p>You are responsible for keeping your password and other login details confidential. We will not ask you for your password (except when you log into the app).<\/p>\n<h4 class=\"section-main-heading\">How to Contact Ready FIRST AIDE\u2122<\/h4>\n<p>If you have any questions about this privacy policy or our treatment of your personal information, please write to us by email to\u00a0<a class=\"cta-link\" href=\"mailto:scott.ashley@getreadyglobal.com\">scott.ashley@getreadyglobal.com<\/a>.<\/p>\n<h4 class=\"section-main-heading\">Data Controller<\/h4>\n<p>The data controller responsible in respect of the information collected on this app is\u00a0<a class=\"cta-link\" title=\"\" href=\"https:\/\/staging.blackbikemedia.com\/rfa771\/\">www.readyfirstaide.com<\/a>.<\/p>\t\t\t\t\t\t\t\t<\/div>\n\t\t\t\t<div class=\"elementor-element elementor-element-6e2911c elementor-widget elementor-widget-button\" data-id=\"6e2911c\" data-element_type=\"widget\" data-e-type=\"widget\" data-settings=\"{&quot;ekit_we_effect_on&quot;:&quot;none&quot;}\" data-widget_type=\"button.default\">\n\t\t\t\t\t\t\t\t\t\t<a class=\"elementor-button elementor-button-link elementor-size-sm elementor-animation-grow\" href=\"https:\/\/staging.blackbikemedia.com\/rfa771\/contact\/\">\n\t\t\t\t\t\t<span class=\"elementor-button-content-wrapper\">\n\t\t\t\t\t\t\t\t\t<span class=\"elementor-button-text\">contact us today<\/span>\n\t\t\t\t\t<\/span>\n\t\t\t\t\t<\/a>\n\t\t\t\t\t\t\t\t<\/div>\n\t\t\t\t\t<\/div>\n\t\t\t\t<\/div>\n\t\t<div class=\"elementor-element elementor-element-ab1e0de e-flex e-con-boxed e-con e-parent\" data-id=\"ab1e0de\" data-element_type=\"container\" data-e-type=\"container\">\n\t\t\t\t\t<div class=\"e-con-inner\">\n\t\t\t\t<div class=\"elementor-element elementor-element-64061f6 elementor-widget elementor-widget-heading\" data-id=\"64061f6\" data-element_type=\"widget\" data-e-type=\"widget\" data-settings=\"{&quot;ekit_we_effect_on&quot;:&quot;none&quot;}\" data-widget_type=\"heading.default\">\n\t\t\t\t\t<h2 class=\"elementor-heading-title elementor-size-default\">Fran\u00e7ais<\/h2>\t\t\t\t<\/div>\n\t\t\t\t<div class=\"elementor-element elementor-element-dbf9bdd elementor-widget elementor-widget-text-editor\" data-id=\"dbf9bdd\" data-element_type=\"widget\" data-e-type=\"widget\" data-settings=\"{&quot;ekit_we_effect_on&quot;:&quot;none&quot;}\" data-widget_type=\"text-editor.default\">\n\t\t\t\t\t\t\t\t\t<h4 class=\"section-main-heading\">Politique de confidentialit\u00e9 de Ready FIRST AIDE\u2122<\/h4>\n<h4 class=\"section-main-heading\">Informations que vous fournissez<\/h4>\n<p>Nous ne collectons ni n\u2019avons acc\u00e8s \u00e0 aucun de vos noms d\u2019utilisateur ou mots de passe. Nous ne collectons aucune information personnelle ou financi\u00e8re, y compris votre carte de cr\u00e9dit ou de d\u00e9bit ou toute autre information de facturation, autre information de compte et d\u2019authentification, ou adresse personnelle.<\/p>\n<h4 class=\"section-main-heading\">Informations sur le p\u00e9riph\u00e9rique<\/h4>\n<p>Nous recueillons des informations sur ou sur le bureau, l\u2019ordinateur portable, les t\u00e9l\u00e9phones, la tablette \u00e0 partir desquels vous installez ou acc\u00e9dez \u00e0 notre application, selon les autorisations que vous avez accord\u00e9es.<\/p>\n<p>Notre application contient des liens vers d\u2019autres sites. Nous ne sommes pas responsables des politiques ou pratiques de confidentialit\u00e9 des sites Web tiers et vous encourageons \u00e0 lire attentivement la d\u00e9claration de confidentialit\u00e9 de tout site Web que vous visitez.Nous ne connaissons ni ne suivons votre position via des signaux GPS, Bluetooth ou WiFi.<\/p>\n<h4 class=\"section-main-heading\">Comment nous utilisons cette information<\/h4>\n<p>Toute information recueillie sur les \u00e9l\u00e9ments de notre application utilis\u00e9s est destin\u00e9e \u00e0 am\u00e9liorer l\u2019application et l\u2019exp\u00e9rience de l\u2019utilisateur. Nous continuons \u00e0 nous efforcer de fournir la meilleure exp\u00e9rience utilisateur et de rendre notre application aussi cibl\u00e9e et pertinente que possible. De temps en temps, nous vous demanderons votre opinion et vous fournirons un bref sondage en ligne. Nous ne collecterons aucune information personnelle ou financi\u00e8re au cours de ce processus.<\/p>\n<p>Toutes les informations personnelles collect\u00e9es, \u00e0 savoir votre adresse e-mail ou votre num\u00e9ro de t\u00e9l\u00e9phone, NE SERONT PAS sciemment distribu\u00e9es, vendues, donn\u00e9es, \u00e9chang\u00e9es ou partag\u00e9es avec des tiers. Bien que nous ayons adopt\u00e9 des normes sup\u00e9rieures \u00e0 celles de l\u2019industrie pour prot\u00e9ger nos donn\u00e9es, nous ne serons pas responsables des pertes si nous sommes \u00abpirat\u00e9s\u00bb. Nous informerons les utilisateurs de nos syst\u00e8mes dans les 24 heures si un tel \u00abpiratage\u00bb a eu lieu.<\/p>\n<h4 class=\"section-main-heading\">Modification ou suppression de vos informations<\/h4>\n<p>Si vous \u00eates un utilisateur enregistr\u00e9 sur nos applications, vous pouvez consulter, modifier, mettre \u00e0 jour, corriger ou supprimer les informations personnelles que vous avez fournies lors de votre inscription \u00e0 l\u2019application. Si vous ne souhaitez pas continuer \u00e0 utiliser l\u2019application ou si vos informations personnelles changent, vous pouvez la modifier ou la supprimer.<\/p>\n<p>Nous conserverons vos informations pendant toute la p\u00e9riode d\u2019activit\u00e9 de votre compte. Si vous souhaitez supprimer votre compte ou nous demander de ne plus collecter et stocker vos donn\u00e9es, veuillez nous envoyer un courrier \u00e9lectronique \u00e0 l\u2019adresse\u00a0<a class=\"cta-link\" href=\"mailto:scott.ashley@getreadyglobal.com\">scott.ashley@getreadyglobal.com<\/a>\u00a0. Nous ferons de notre mieux pour supprimer vos informations le plus rapidement possible, en respectant les instructions que vous nous avez donn\u00e9es \u00e0 la suite d\u2019une telle demande. N\u00e9anmoins, nous pouvons conserver et utiliser vos informations pour assurer le respect de la loi, r\u00e9soudre les litiges et faire respecter nos accords.<\/p>\n<h4 class=\"section-main-heading\">Communiquer avec vous<\/h4>\n<p>Nous vous ferons parvenir les mises \u00e0 jour de version de temps en temps. Nous utiliserons vos informations pour vous r\u00e9pondre lorsque vous nous contactez.<\/p>\n<h4 class=\"section-main-heading\">Promouvoir la s\u00e9curit\u00e9 et la s\u00fbret\u00e9<\/h4>\n<p>Nous accordons une importance primordiale \u00e0 la vie priv\u00e9e de nos clients et nous respectons les pr\u00e9occupations les concernant. Nous voulons vous assurer que vos informations et vos donn\u00e9es sont en s\u00e9curit\u00e9 chez nous. Nous appliquons les normes les plus strictes en mati\u00e8re de mesures physiques et \u00e9lectroniques afin de prot\u00e9ger la s\u00e9curit\u00e9, la s\u00e9curit\u00e9 et le secret de vos informations personnelles. Nous ne vendons, n\u2019\u00e9changeons ni n\u2019\u00e9changeons vos informations num\u00e9riques avec qui que ce soit. Nous garantissons le secret et la confidentialit\u00e9 de vos donn\u00e9es qui nous sont confi\u00e9es.<\/p>\n<p>En acc\u00e9dant \u00e0 ou en utilisant l\u2019application, vous reconnaissez avoir lu, compris et accept\u00e9 les dispositions de la pr\u00e9sente politique de confidentialit\u00e9 et les conditions d\u2019utilisation de l\u2019application. Si vous ne comprenez pas cette politique de confidentialit\u00e9 et les conditions d\u2019utilisation de l\u2019application, veuillez vous abstenir de l\u2019utiliser.<\/p>\n<h4 class=\"section-main-heading\">Comment cette information est partag\u00e9e<\/h4>\n<p>Nous pouvons partager vos informations lorsque nous pensons raisonnablement que ce partage est autoris\u00e9 par vous et nous respecterons toujours la licence que vous nous avez conc\u00e9d\u00e9e. Nous pouvons partager des informations lorsque vous (a) choisissez de partager des informations avec des sp\u00e9cialistes du marketing; (b) choisissez de partager vos informations avec des sp\u00e9cialistes du marketing, des fournisseurs de commerce \u00e9lectronique ou toute autre partie proposant des services en ligne; (c) donner aux moteurs de recherche l\u2019acc\u00e8s aux informations publiquement disponibles \u2013 vous pouvez d\u00e9sactiver cette option dans les param\u00e8tres de votre compte; (d) aider \u00e0 am\u00e9liorer l\u2019application; (e) annoncer notre application.<\/p>\n<h4 class=\"section-main-heading\">S\u00e9curit\u00e9 de vos informations personnelles<\/h4>\n<p>Nous allons prendre des pr\u00e9cautions techniques et organisationnelles raisonnables pour \u00e9viter la perte, l\u2019utilisation abusive ou la modification de vos informations personnelles. Nous allons stocker toutes les informations personnelles que vous fournissez sur nos serveurs s\u00e9curis\u00e9s (prot\u00e9g\u00e9s par un mot de passe et un pare-feu).<\/p>\n<p>Nous suivons les normes et pratiques g\u00e9n\u00e9ralement accept\u00e9es pour prot\u00e9ger les informations que vous nous communiquez, lors de la transmission, \u00e0 la r\u00e9ception et ult\u00e9rieurement. N\u00e9anmoins, vous reconnaissez que la transmission d\u2019informations sur Internet est intrins\u00e8quement peu s\u00fbre et que nous ne pouvons garantir une s\u00e9curit\u00e9 absolue des donn\u00e9es envoy\u00e9es sur Internet.<\/p>\n<p>Lorsque vous entrez des informations sensibles (telles que les d\u00e9tails de carte de cr\u00e9dit), nous cryptons la transmission de ces informations \u00e0 l\u2019aide de la technologie de couche de connexion (SSL).<\/p>\n<p>Vous \u00eates responsable de la confidentialit\u00e9 de votre mot de passe et des autres informations de connexion. Nous ne vous demanderons pas votre mot de passe (sauf lorsque vous vous connecterez \u00e0 l\u2019application).<\/p>\n<h4 class=\"section-main-heading\">Comment contacter Ready FIRST AIDE\u2122<\/h4>\n<p>Si vous avez des questions sur cette politique de confidentialit\u00e9 ou sur le traitement de vos informations personnelles, veuillez nous \u00e9crire par courrier \u00e9lectronique \u00e0 l\u2019adresse\u00a0<a class=\"cta-link\" href=\"mailto:scott.ashley@getreadyglobal.com\">scott.ashley@getreadyglobal.com<\/a>.<\/p>\n<h4 class=\"section-main-heading\">Contr\u00f4leur de donn\u00e9es<\/h4>\n<p>Le responsable du traitement responsable des informations collect\u00e9es sur cette application est\u00a0<a class=\"cta-link\" href=\"https:\/\/staging.blackbikemedia.com\/rfa771\/\">www.readyfirstaide.com\/<\/a>\u00a0.<\/p>\t\t\t\t\t\t\t\t<\/div>\n\t\t\t\t<div class=\"elementor-element elementor-element-a3891da elementor-widget elementor-widget-button\" data-id=\"a3891da\" data-element_type=\"widget\" data-e-type=\"widget\" data-settings=\"{&quot;ekit_we_effect_on&quot;:&quot;none&quot;}\" data-widget_type=\"button.default\">\n\t\t\t\t\t\t\t\t\t\t<a class=\"elementor-button elementor-button-link elementor-size-sm elementor-animation-grow\" href=\"https:\/\/staging.blackbikemedia.com\/rfa771\/contact\/\">\n\t\t\t\t\t\t<span class=\"elementor-button-content-wrapper\">\n\t\t\t\t\t\t\t\t\t<span class=\"elementor-button-text\">Contactez-nous<\/span>\n\t\t\t\t\t<\/span>\n\t\t\t\t\t<\/a>\n\t\t\t\t\t\t\t\t<\/div>\n\t\t\t\t\t<\/div>\n\t\t\t\t<\/div>\n\t\t\t\t<\/div>\n\t\t","protected":false},"excerpt":{"rendered":"<p>Securing Your Data and ATLAS\u2122 English Information You Provide We do not collect or have access to any of your usernames or passwords. We do not collect any personal information or financial information, including your credit or debit card or any other billing information, other account and authentication information, or home address. Device Information We [&hellip;]<\/p>\n","protected":false},"author":1,"featured_media":0,"parent":0,"menu_order":333,"comment_status":"closed","ping_status":"closed","template":"","meta":{"footnotes":""},"class_list":["post-3","page","type-page","status-publish","hentry"],"_links":{"self":[{"href":"https:\/\/staging.blackbikemedia.com\/rfa771\/wp-json\/wp\/v2\/pages\/3","targetHints":{"allow":["GET"]}}],"collection":[{"href":"https:\/\/staging.blackbikemedia.com\/rfa771\/wp-json\/wp\/v2\/pages"}],"about":[{"href":"https:\/\/staging.blackbikemedia.com\/rfa771\/wp-json\/wp\/v2\/types\/page"}],"author":[{"embeddable":true,"href":"https:\/\/staging.blackbikemedia.com\/rfa771\/wp-json\/wp\/v2\/users\/1"}],"replies":[{"embeddable":true,"href":"https:\/\/staging.blackbikemedia.com\/rfa771\/wp-json\/wp\/v2\/comments?post=3"}],"version-history":[{"count":0,"href":"https:\/\/staging.blackbikemedia.com\/rfa771\/wp-json\/wp\/v2\/pages\/3\/revisions"}],"wp:attachment":[{"href":"https:\/\/staging.blackbikemedia.com\/rfa771\/wp-json\/wp\/v2\/media?parent=3"}],"curies":[{"name":"wp","href":"https:\/\/api.w.org\/{rel}","templated":true}]}}